{"id":17,"date":"2021-10-13T13:58:39","date_gmt":"2021-10-13T13:58:39","guid":{"rendered":"https:\/\/www.bayernfunk.digital\/?page_id=17"},"modified":"2024-04-26T08:36:58","modified_gmt":"2024-04-26T08:36:58","slug":"uber-uns","status":"publish","type":"page","link":"https:\/\/www.bayernfunk.digital\/index.php\/uber-uns\/","title":{"rendered":"\u00dcber uns"},"content":{"rendered":"<div class=\"fusion-fullwidth fullwidth-box fusion-builder-row-1 fusion-flex-container nonhundred-percent-fullwidth non-hundred-percent-height-scrolling\" style=\"--awb-border-radius-top-left:0px;--awb-border-radius-top-right:0px;--awb-border-radius-bottom-right:0px;--awb-border-radius-bottom-left:0px;--awb-flex-wrap:wrap;\" ><div class=\"fusion-builder-row fusion-row fusion-flex-align-items-flex-start fusion-flex-content-wrap\" style=\"max-width:1248px;margin-left: calc(-4% \/ 2 );margin-right: calc(-4% \/ 2 );\"><div class=\"fusion-layout-column fusion_builder_column fusion-builder-column-0 fusion_builder_column_1_1 1_1 fusion-flex-column\" style=\"--awb-bg-blend:overlay;--awb-bg-size:cover;--awb-width-large:100%;--awb-margin-top-large:0px;--awb-spacing-right-large:1.92%;--awb-margin-bottom-large:0px;--awb-spacing-left-large:1.92%;--awb-width-medium:100%;--awb-spacing-right-medium:1.92%;--awb-spacing-left-medium:1.92%;--awb-width-small:100%;--awb-spacing-right-small:1.92%;--awb-spacing-left-small:1.92%;\"><div class=\"fusion-column-wrapper fusion-flex-justify-content-flex-start fusion-content-layout-column\"><div class=\"fusion-text fusion-text-1\"><p>Der digitale Wandel und die rasante technologische Entwicklung haben einen gro\u00dfen Einfluss auf alle Bereiche unserer Gesellschaft. Besonders Bayerns Kommunen mit begrenzten personellen und finanziellen Ressourcen sowie das Ehrenamt stehen vor gro\u00dfen Herausforderungen.<\/p>\n<p>Die Digitalisierung des l\u00e4ndlichen Raums in Bayern ist unser Herzensprojekt.<\/p>\n<p>Das <a href=\"https:\/\/www.iese.fraunhofer.de\/\">Fraunhofer IESE<\/a>, die <a href=\"https:\/\/www.vkb.de\/content\/\">Versicherungskammer Bayern<\/a>, das <a href=\"https:\/\/www.brk.de\/startseite.html\">Bayerische Rote Kreuz<\/a> sowie der <a href=\"https:\/\/www.lfv-bayern.de\/\">Landesfeuerwehrverband Bayern<\/a> m\u00f6chten als Verbund des <span style=\"color: #ff003f;\">BayernFunk<\/span>&nbsp;mit dem <span style=\"color: #ff003f;\">BayernFunk<\/span> einen wesentlichen gesellschaftlichen Beitrag leisten. Im Rahmen des Forschungsprojekts Digitale D\u00f6rfer stellen wir die digitale und datensichere Kommunikationsplattform <span style=\"color: #ff003f;\">BayernFunk<\/span> exklusiv f\u00fcr bayerische Gemeinden und Landkreise sowie ihre B\u00fcrgerinnen und B\u00fcrger zur Verf\u00fcgung.<\/p>\n<\/div><div class=\"fusion-text fusion-text-2\" style=\"--awb-margin-top:50px;\"><h2><b>Haben wir dein Interesse geweckt?<\/b><\/h2>\n<p><a href=\"https:\/\/www.bayernfunk.digital\/index.php\/haeufige-fragen\/\">Hier<\/a> findest Du Antworten auf die h\u00e4ufig gestellten Fragen rund um den <span style=\"color: #ff003f;\">BayernFunk<\/span>.<\/p>\n<\/div><div style=\"text-align:left;\"><a class=\"fusion-button button-flat fusion-button-default-size button-custom fusion-button-default button-1 fusion-button-default-span fusion-button-default-type\" style=\"--button_accent_color:var(--awb-color1);--button_border_color:var(--awb-custom_color_1);--button_accent_hover_color:var(--awb-color1);--button_border_hover_color:#ffffff;--button_gradient_top_color:var(--awb-custom_color_1);--button_gradient_bottom_color:var(--awb-custom_color_1);--button_gradient_top_color_hover:#fd4774;--button_gradient_bottom_color_hover:#fd4774;--button_padding-right:78px;--button_padding-left:78px;\" target=\"_self\" href=\"https:\/\/www.bayernfunk.digital\/index.php\/haeufige-fragen\/\"><span class=\"fusion-button-text\">H\u00e4ufige Fragen<\/span><\/a><\/div><div class=\"fusion-text fusion-text-3\" style=\"--awb-margin-top:60px;\"><h2>M\u00f6chtest Du mitfunken?<\/h2>\n<p>Informiere dich als Kommune, Gemeinde, Verein oder Ehrenamtsvertreter in unserem kostenlosen online Seminar und lerne den <span style=\"color: #ff003f;\">BayernFunk<\/span> sowie seine Funktionen kennen.<\/p>\n<\/div><div style=\"text-align:left;\"><a class=\"fusion-button button-flat fusion-button-default-size button-custom fusion-button-default button-2 fusion-button-default-span fusion-button-default-type\" style=\"--button_accent_color:var(--awb-color1);--button_accent_hover_color:var(--awb-color1);--button_border_hover_color:#ffffff;--button_gradient_top_color:var(--awb-custom_color_1);--button_gradient_bottom_color:var(--awb-custom_color_1);--button_gradient_top_color_hover:#fd4774;--button_gradient_bottom_color_hover:#fd4774;--button_padding-right:45px;--button_padding-left:45px;\" target=\"_self\" href=\"https:\/\/www.bayernfunk.digital\/index.php\/infoveranstaltung\/\"><span class=\"fusion-button-text\">Jetzt kostenlos anmelden<\/span><\/a><\/div><div class=\"fusion-text fusion-text-4\" style=\"--awb-margin-top:30px;\"><p>Wende dich gerne direkt an uns, wenn Du weitere Fragen oder Feedback zum <span style=\"color: #ff003f;\">BayernFunk<\/span> hast.<\/p>\n<\/div><div style=\"text-align:left;\"><a class=\"fusion-button button-flat fusion-button-default-size button-custom fusion-button-default button-3 fusion-button-default-span fusion-button-default-type\" style=\"--button_accent_color:var(--awb-color1);--button_accent_hover_color:var(--awb-color1);--button_border_hover_color:#ffffff;--button_gradient_top_color:var(--awb-custom_color_1);--button_gradient_bottom_color:var(--awb-custom_color_1);--button_gradient_top_color_hover:#fd4774;--button_gradient_bottom_color_hover:#fd4774;--button_padding-right:45px;--button_padding-left:45px;\" target=\"_self\" href=\"https:\/\/www.bayernfunk.digital\/index.php\/kontakt\/\"><span class=\"fusion-button-text\">Jetzt Kontakt aufnehmen<\/span><\/a><\/div><\/div><\/div><\/div><\/div>\n","protected":false},"excerpt":{"rendered":"","protected":false},"author":6,"featured_media":0,"parent":0,"menu_order":0,"comment_status":"closed","ping_status":"closed","template":"","meta":{"footnotes":""},"class_list":["post-17","page","type-page","status-publish","hentry"],"yoast_head":"<!-- This site is optimized with the Yoast SEO plugin v27.5 - https:\/\/yoast.com\/product\/yoast-seo-wordpress\/ -->\n<title>\u00dcber uns - BayernFunk<\/title>\n<meta name=\"robots\" content=\"index, follow, max-snippet:-1, max-image-preview:large, max-video-preview:-1\" \/>\n<link rel=\"canonical\" href=\"https:\/\/www.bayernfunk.digital\/index.php\/uber-uns\/\" \/>\n<meta property=\"og:locale\" content=\"de_DE\" \/>\n<meta property=\"og:type\" content=\"article\" \/>\n<meta property=\"og:title\" content=\"\u00dcber uns - BayernFunk\" \/>\n<meta property=\"og:url\" content=\"https:\/\/www.bayernfunk.digital\/index.php\/uber-uns\/\" \/>\n<meta property=\"og:site_name\" content=\"BayernFunk\" \/>\n<meta property=\"article:modified_time\" content=\"2024-04-26T08:36:58+00:00\" \/>\n<meta name=\"twitter:card\" content=\"summary_large_image\" \/>\n<meta name=\"twitter:label1\" content=\"Gesch\u00e4tzte Lesezeit\" \/>\n\t<meta name=\"twitter:data1\" content=\"3\u00a0Minuten\" \/>\n<script type=\"application\/ld+json\" class=\"yoast-schema-graph\">{\"@context\":\"https:\\\/\\\/schema.org\",\"@graph\":[{\"@type\":\"WebPage\",\"@id\":\"https:\\\/\\\/www.bayernfunk.digital\\\/index.php\\\/uber-uns\\\/\",\"url\":\"https:\\\/\\\/www.bayernfunk.digital\\\/index.php\\\/uber-uns\\\/\",\"name\":\"\u00dcber uns - BayernFunk\",\"isPartOf\":{\"@id\":\"https:\\\/\\\/www.bayernfunk.digital\\\/#website\"},\"datePublished\":\"2021-10-13T13:58:39+00:00\",\"dateModified\":\"2024-04-26T08:36:58+00:00\",\"breadcrumb\":{\"@id\":\"https:\\\/\\\/www.bayernfunk.digital\\\/index.php\\\/uber-uns\\\/#breadcrumb\"},\"inLanguage\":\"de\",\"potentialAction\":[{\"@type\":\"ReadAction\",\"target\":[\"https:\\\/\\\/www.bayernfunk.digital\\\/index.php\\\/uber-uns\\\/\"]}]},{\"@type\":\"BreadcrumbList\",\"@id\":\"https:\\\/\\\/www.bayernfunk.digital\\\/index.php\\\/uber-uns\\\/#breadcrumb\",\"itemListElement\":[{\"@type\":\"ListItem\",\"position\":1,\"name\":\"Startseite\",\"item\":\"https:\\\/\\\/www.bayernfunk.digital\\\/\"},{\"@type\":\"ListItem\",\"position\":2,\"name\":\"\u00dcber uns\"}]},{\"@type\":\"WebSite\",\"@id\":\"https:\\\/\\\/www.bayernfunk.digital\\\/#website\",\"url\":\"https:\\\/\\\/www.bayernfunk.digital\\\/\",\"name\":\"BayernFunk\",\"description\":\"Nachrichten und Angebote aus und f\u00fcr Bayern\",\"potentialAction\":[{\"@type\":\"SearchAction\",\"target\":{\"@type\":\"EntryPoint\",\"urlTemplate\":\"https:\\\/\\\/www.bayernfunk.digital\\\/?s={search_term_string}\"},\"query-input\":{\"@type\":\"PropertyValueSpecification\",\"valueRequired\":true,\"valueName\":\"search_term_string\"}}],\"inLanguage\":\"de\"}]}<\/script>\n<!-- \/ Yoast SEO plugin. -->","yoast_head_json":{"title":"\u00dcber uns - BayernFunk","robots":{"index":"index","follow":"follow","max-snippet":"max-snippet:-1","max-image-preview":"max-image-preview:large","max-video-preview":"max-video-preview:-1"},"canonical":"https:\/\/www.bayernfunk.digital\/index.php\/uber-uns\/","og_locale":"de_DE","og_type":"article","og_title":"\u00dcber uns - BayernFunk","og_url":"https:\/\/www.bayernfunk.digital\/index.php\/uber-uns\/","og_site_name":"BayernFunk","article_modified_time":"2024-04-26T08:36:58+00:00","twitter_card":"summary_large_image","twitter_misc":{"Gesch\u00e4tzte Lesezeit":"3\u00a0Minuten"},"schema":{"@context":"https:\/\/schema.org","@graph":[{"@type":"WebPage","@id":"https:\/\/www.bayernfunk.digital\/index.php\/uber-uns\/","url":"https:\/\/www.bayernfunk.digital\/index.php\/uber-uns\/","name":"\u00dcber uns - BayernFunk","isPartOf":{"@id":"https:\/\/www.bayernfunk.digital\/#website"},"datePublished":"2021-10-13T13:58:39+00:00","dateModified":"2024-04-26T08:36:58+00:00","breadcrumb":{"@id":"https:\/\/www.bayernfunk.digital\/index.php\/uber-uns\/#breadcrumb"},"inLanguage":"de","potentialAction":[{"@type":"ReadAction","target":["https:\/\/www.bayernfunk.digital\/index.php\/uber-uns\/"]}]},{"@type":"BreadcrumbList","@id":"https:\/\/www.bayernfunk.digital\/index.php\/uber-uns\/#breadcrumb","itemListElement":[{"@type":"ListItem","position":1,"name":"Startseite","item":"https:\/\/www.bayernfunk.digital\/"},{"@type":"ListItem","position":2,"name":"\u00dcber uns"}]},{"@type":"WebSite","@id":"https:\/\/www.bayernfunk.digital\/#website","url":"https:\/\/www.bayernfunk.digital\/","name":"BayernFunk","description":"Nachrichten und Angebote aus und f\u00fcr Bayern","potentialAction":[{"@type":"SearchAction","target":{"@type":"EntryPoint","urlTemplate":"https:\/\/www.bayernfunk.digital\/?s={search_term_string}"},"query-input":{"@type":"PropertyValueSpecification","valueRequired":true,"valueName":"search_term_string"}}],"inLanguage":"de"}]}},"_links":{"self":[{"href":"https:\/\/www.bayernfunk.digital\/index.php\/wp-json\/wp\/v2\/pages\/17","targetHints":{"allow":["GET"]}}],"collection":[{"href":"https:\/\/www.bayernfunk.digital\/index.php\/wp-json\/wp\/v2\/pages"}],"about":[{"href":"https:\/\/www.bayernfunk.digital\/index.php\/wp-json\/wp\/v2\/types\/page"}],"author":[{"embeddable":true,"href":"https:\/\/www.bayernfunk.digital\/index.php\/wp-json\/wp\/v2\/users\/6"}],"replies":[{"embeddable":true,"href":"https:\/\/www.bayernfunk.digital\/index.php\/wp-json\/wp\/v2\/comments?post=17"}],"version-history":[{"count":19,"href":"https:\/\/www.bayernfunk.digital\/index.php\/wp-json\/wp\/v2\/pages\/17\/revisions"}],"predecessor-version":[{"id":3492,"href":"https:\/\/www.bayernfunk.digital\/index.php\/wp-json\/wp\/v2\/pages\/17\/revisions\/3492"}],"wp:attachment":[{"href":"https:\/\/www.bayernfunk.digital\/index.php\/wp-json\/wp\/v2\/media?parent=17"}],"curies":[{"name":"wp","href":"https:\/\/api.w.org\/{rel}","templated":true}]}}